nder when 24165933 is divided by 48?
45
What is the remainder when 4027360 is divided by 1305?
130
What is the remainder when 5134594 is divided by 733508?
38
What is the remainder when 149544 is divided by 9833?
2049
What is the remainder when 1723966 is divided by 13573?
195
Calculate the remainder when 2588075 is divided by 18225.
125
What is the remainder when 1343243 is divided by 447741?
20
Calculate the remainder when 9163904 is divided by 39.
35
What is the remainder when 75429 is divided by 37470?
489
What is the remainder when 293940973 is divided by 20?
13
What is the remainder when 91295489 is divided by 130?
129
What is the remainder when 408974 is divided by 177?
104
Calculate the remainder when 1303708 is divided by 14.
0
What is the remainder when 154027973 is divided by 141?
137
Calculate the remainder when 6437047 is divided by 19215.
22
Calculate the remainder when 3526485 is divided by 2.
1
Calculate the remainder when 15618332 is divided by 503817.
5
What is the remainder when 676738 is divided by 225329?
751
What is the remainder when 1397973 is divided by 784?
101
What is the remainder when 4263787 is divided by 25?
12
What is the remainder when 1300438 is divided by 2094?
64
What is the remainder when 12388 is divided by 533?
129
What is the remainder when 10267718 is divided by 112?
6
Calculate the remainder when 24222482 is divided by 1166.
1164
Calculate the remainder when 7360453 is divided by 81.
64
Calculate the remainder when 244925 is divided by 244891.
34
Calculate the remainder when 117200 is divided by 14467.
1464
Calculate the remainder when 814900 is divided by 7516.
3172
What is the remainder when 23219067 is divided by 1786082?
1
What is the remainder when 16315041 is divided by 1451?
1448
Calculate the remainder when 37278 is divided by 2398.
1308
Calculate the remainder when 14454397 is divided by 961.
957
Calculate the remainder when 1495080 is divided by 969.
882
Calculate the remainder when 29192748 is divided by 512.
44
Calculate the remainder when 1675861 is divided by 828.
817
What is the remainder when 14734 is divided by 516?
286
What is the remainder when 261156 is divided by 5129?
4706
What is the remainder when 1055408 is divided by 6679?
126
Calculate the remainder when 273873 is divided by 22725.
1173
What is the remainder when 3490804 is divided by 26?
18
What is the remainder when 35842 is divided by 17917?
8
Calculate the remainder when 77695260 is divided by 1253149.
22
Calculate the remainder when 3171429 is divided by 1585692.
45
What is the remainder when 4203376 is divided by 24872?
8
What is the remainder when 155524 is divided by 6223?
6172
Calculate the remainder when 58607669 is divided by 3410.
3409
Calculate the remainder when 1484898 is divided by 31.
29
Calculate the remainder when 8097908 is divided by 445.
243
Calculate the remainder when 2033275 is divided by 484.
475
What is the remainder when 328749 is divided by 113?
32
What is the remainder when 1470710 is divided by 245106?
74
What is the remainder when 153061 is divided by 50949?
214
What is the remainder when 557744 is divided by 54644?
11304
What is the remainder when 1911371 is divided by 19910?
11
What is the remainder when 761852 is divided by 334?
332
Calculate the remainder when 4034769 is divided by 1717.
1536
Calculate the remainder when 150841 is divided by 10960.
8361
What is the remainder when 1464293 is divided by 61?
49
What is the remainder when 36414237 is divided by 84?
69
What is the remainder when 1684024 is divided by 392?
384
What is the remainder when 311622 is divided by 38945?
62
What is the remainder when 18560099 is divided by 260?
259
What is the remainder when 2648340 is divided by 33953?
6
Calculate the remainder when 247030 is divided by 117018.
12994
Calculate the remainder when 23482209 is divided by 591.
6
What is the remainder when 5470947 is divided by 1401?
42
What is the remainder when 147837 is divided by 1974?
1761
Calculate the remainder when 10283946 is divided by 29.
24
Calculate the remainder when 2280 is divided by 194.
146
What is the remainder when 1920624 is divided by 34?
32
What is the remainder when 7525736 is divided by 169?
166
What is the remainder when 56239607 is divided by 5754?
11
Calculate the remainder when 936515142 is divided by 249.
246
Calculate the remainder when 180678 is divided by 6218.
356
Calculate the remainder when 43985 is divided by 39145.
4840
Calculate the remainder when 126954 is divided by 781.
432
Calculate the remainder when 1435448 is divided by 111.
107
Calculate the remainder when 116579 is divided by 583.
562
Calculate the remainder when 5158351 is divided by 2579174.
3
What is the remainder when 15759063 is divided by 116?
115
Calculate the remainder when 378176 is divided by 14824.
7576
What is the remainder when 4883004 is divided by 445?
19
What is the remainder when 2567944 is divided by 142654?
172
What is the remainder when 101199 is divided by 32920?
2439
What is the remainder when 230665 is divided by 1604?
1293
Calculate the remainder when 1795766 is divided by 359090.
316
Calculate the remainder when 44665 is divided by 7436.
49
What is the remainder when 72698 is divided by 24195?
113
Calculate the remainder when 139888 is divided by 34909.
252
What is the remainder when 5928369 is divided by 73?
39
What is the remainder when 141538 is divided by 4051?
3804
What is the remainder when 1806844 is divided by 45?
4
Calculate the remainder when 2148075 is divided by 715963.
186
Calculate the remainder when 118999 is divided by 1239.
55
What is the remainder when 23486601 is divided by 1777?
1769
Calculate the remainder when 733023267 is divided by 6.
3
Calculate the remainder when 1137479 is divided by 3594.
1775
Calculate the remainder when 96515 is divided by 825.
815
Calculate the remainder when 211921 is divided by 783.
511
Calculate the remainder when 859547 is divided by 107439.
35
What is the remainder when 109587067 is divided by 826?
821
What is the remainder when 102484909 is divided by 166?
161
Calculate the remainder when 10814869 is divided by 318.
7
What is the remainder when 7435489 is divided by 60?
49
Calculate the remainder when 11538 is divided by 5236.
1066
What is the remainder when 233853 is divided by 1496?
477
Calculate the remainder when 299817 is divided by 470.
427
Calculate the remainder when 356256 is divided by 1718.
630
Calculate the remainder when 220503 is divided by 3355.
2428
Calculate the remainder when 1815270 is divided by 907397.
476
Calculate the remainder when 814999 is divided by 439.
215
What is the remainder when 21722779 is divided by 2715339?
67
Calculate the remainder when 281552 is divided by 198.
194
Calculate the remainder when 1222382 is divided by 43650.
182
What is the remainder when 63827 is divided by 1982?
403
Calculate the remainder when 18378441 is divided by 2.
1
What is the remainder when 36074796 is divided by 137690?
16
What is the remainder when 122125426 is divided by 136?
10
Calculate the remainder when 4829953 is divided by 1609979.
16
Calculate the remainder when 19368953 is divided by 187.
54
What is the remainder when 42184822 is divided by 36587?
11
Calculate the remainder when 17460 is divided by 476.
324
Calculate the remainder when 207130 is divided by 80.
10
What is the remainder when 140273 is divided by 34987?
325
What is the remainder when 42391 is divided by 1250?
1141
Calculate the remainder when 4851791 is divided by 62.
43
Calculate the remainder when 516974 is divided by 32.
14
What is the remainder when 16124 is divided by 753?
311
What is the remainder when 4218927 is divided by 1406276?
99
What is the remainder when 43103514 is divided by 5281?
5273
Calculate the remainder when 14296708 is divided by 2278.
2258
Calculate the remainder when 1614591 is divided by 272.
271
Calculate the remainder when 2451098 is divided by 13693.
51
What is the remainder when 75817 is divided by 5547?
3706
What is the remainder when 62306296 is divided by 233?
232
What is the remainder when 414000 is divided by 234?
54
What is the remainder when 33369204 is divided by 3673?
3672
What is the remainder when 253426673 is divided by 302058?
11
What is the remaind